 21*x - 0*x. Suppose -30*o = -35*o + x. What is the tens digit of o?
4
Suppose -g = 0, 0 = -6*s + 2*s - 4*g + 144. Let n = s + -33. What is the units digit of (n/(-12))/((-6)/408)?
7
Let p(b) = b**3 - 13*b**2 - 9*b + 3. Let n be p(11). Let l = n - -726. What is the hundreds digit of l?
3
Let x be ((-11)/5 - (1 + -3))*5. What is the units digit of ((-1)/x)/(-2*(-1)/458)?
9
Suppose 3*u - 111 = 891. Suppose -4*x - 3 + 7 = 0, -5*k + u = -x. Let z = 87 - k. What is the tens digit of z?
2
What is the tens digit of (14 - (-3347312)/(-64))*12/(-9)?
1
Let r(s) = 14 - 10 + 3 - 15*s. Let b be r(-15). Suppose 0*f - 2*f + b = -5*d, d + 335 = 3*f. What is the hundreds digit of f?
1
Suppose -546 = -3*h + 192. What is the tens digit of h/287 + (-6315)/(-7)?
0
Let y(b) = 19*b**2 - 21*b**2 + b**3 - 30*b - 6*b**2 - 37*b**2 + 62. What is the tens digit of y(46)?
9
Let n(v) = 30*v**3 - 6*v**2 - 26*v + 119. What is the units digit of n(4)?
9
Suppose -354959 = -26*b + 166237. What is the hundreds digit of b?
0
Let s(z) = 13*z**3 + 4*z**2 + 22*z - 4. Let b be s(6). Suppose -19*j = -39*j + b. What is the hundreds digit of j?
1
Let q(o) = 33*o**3 + 4*o**2 + o - 7. Let w = 11 + -9. What is the hundreds digit of q(w)?
2
Let x(j) = -133*j**3 + 8*j**2 + 11*j - 8. Let k(f) = -f**3 + f**2 + 2*f - 1. Let d(t) = -6*k(t) + x(t). Suppose -10*v + 5*v = 5. What is the tens digit of d(v)?
2
Let g(s) = -s**2 - 22*s + 31. Let x be g(-23). Let c be (x/12)/((-4)/6). What is the units digit of (1 + 0)/(c/(-157))?
7
Suppose -10*j = -4*j + 41466. What is the hundreds digit of (-83)/(-664) - j/8?
8
Suppose -10*t - 13 + 53 = 0. Suppose -5*a + t*q = -8466, -q + 1 - 5 = 0. What is the units digit of a?
0
Suppose 1580 = -2*d - 2*d. Let k = -3 + 5. What is the hundreds digit of d/(-3) + (-5)/(15/k)?
1
Suppose -101*k = -106*k - 5*r + 110870, 5*k - 4*r = 110879. What is the ten thousands digit of k?
2
Suppose -t + 7*t - 1176 = 0. Suppose 0 = u + t - 713. What is the units digit of u?
7
Let o be (-17)/153 - (-34)/(-18). What is the tens digit of -7*(o - 80/(-35)) + 103?
0
Suppose -2*b + 58 - 1 = -3*l, 0 = 2*b + 2*l - 62. Suppose -29*r - 611 = -b*r. What is the units digit of r?
1
What is the units digit of (2955 + 22)*23 + (-14)/2?
4
Let l(x) = -2 + 186*x + 1 + 5 - 5. Let f be l(2). Suppose 3*o = -j + f, -3*j = -4*o - 0*o + 473. What is the hundreds digit of o?
1
Let p be 1*(6 + (-376 - 4)). Let u = 1153 + p. What is the hundreds digit of u?
7
Let f(w) = -9*w**2 + 6*w + 30*w + 18 - 48*w**3 + 47*w**3. Let g be f(-14). Suppose p - 142 = -0*p - 5*a, -3*p = -2*a - g. What is the tens digit of p?
6
Suppose 475 = -0*f + 5*f - 2*n, 2*f + 2*n - 190 = 0. Suppose -191 = -3*k - f. Let v = 130 - k. What is the tens digit of v?
9
Suppose n - 422 = -428, -4*a + 2*n = -22096. What is the tens digit of a?
2
Let t(p) = -p - 12. Let b be t(-10). What is the units digit of (b - -1 - -148) + (23 - 21)?
9
Let f = 56 - 55. Suppose -6*p - 19 = -f. What is the hundreds digit of (-181)/4*p + 10/40?
1
Suppose -5*f + 136 = 3*b, -f + 19 + 15 = 4*b. Let j = 460 - f. What is the units digit of j?
4
Suppose -3*f + 176483 = -2*r, -3*f + 3*r + 100250 = -76225. What is the ten thousands digit of f?
5
Let b = 6606 - 2182. What is the hundreds digit of b?
4
Suppose -16*n - 132014 = -5*f - 13*n, 3*n + 52811 = 2*f. What is the tens digit of f?
0
Let y be 63/(-42)*3856/(-6). Suppose -y = -2*c + 1338. What is the tens digit of c?
5
Suppose -717 = 2*i - 5*j + 10*j, -4*j = 5*i + 1750. What is the tens digit of (-1 - i) + 16/((-16)/(-3))?
4
What is the hundreds digit of (13004 - -5)*(-10 - -11)?
0
Suppose 0 = 4*f + 4*f - 48. Suppose -2*q + f*q = x + 2417, 2*q + 4*x = 1222. What is the units digit of q?
5
Suppose 0 = -v - 5*h + 16611, h - 48815 = -5*v + 34144. What is the units digit of v?
1
Let z(w) = -w - 103*w**2 + 5 - 7*w + 102*w**2. Let x be z(-6). Suppose c - x = -k, c - 5*c - 20 = 0. What is the units digit of k?
2
Let a(t) = 9*t**2 - 9*t + 12. Let u = 99 - 92. Let m be a(u). Suppose -14*s + 3526 = m. What is the hundreds digit of s?
2
What is the units digit of 3/14 + (-10318737)/(-546)?
9
Let u(r) = 175*r - 38. Let y be u(6). Let x = 38 + y. What is the tens digit of x?
5
Let o = 450 - 95. What is the hundreds digit of o?
3
Let d = 55 - 52. Suppose -d*r + 10 - 334 = 0. Let i = r - -214. What is the hundreds digit of i?
1
Let s(m) = -m**3 - 12*m**2 - 12*m - 9. Let l be s(-11). Suppose -1610 = -12*t - l*t. Suppose t = -23*p + 28*p. What is the units digit of p?
3
Suppose -1569 = -3*u + 2*q, 3*q + 1618 = 5*u - 998. Suppose 0 = 3*l + 60 - u. What is the units digit of l?
5
Let w(z) = 423*z - 16. Let o be w(-3). Let k = o + 2154. Suppose 1217 - 501 = 4*b + 2*d, -5*b = -4*d - k. What is the tens digit of b?
7
Let s(u) = 194*u + 2. Suppose -11 = 2*m - 23. What is the tens digit of s(m)?
6
Let x(s) = 11*s**2 + 150*s + 1523. What is the thousands digit of x(-9)?
1
Let q = 26567 - 12541. What is the ten thousands digit of q?
1
Let w(u) = -u**3 + 5*u**2 - 33*u + 7. Let x(j) = -2*j**3 + 6*j**2 - 34*j + 7. Let r(y) = -4*w(y) + 3*x(y). What is the hundreds digit of r(-8)?
6
What is the thousands digit of (1092/(-15) - -2)/((-60)/3200)?
3
Suppose 19*b = 23*b - 120*b + 1941956. What is the thousands digit of b?
6
Suppose -3*i + 10786 = -2*j, 3*i + 4*j - 8989 = 1767. What is the units digit of i?
2
Let k be 3/2*64/24. Let y(t) = k*t + 10*t**2 + 4*t + 28*t**3 - 29*t**3. What is the tens digit of y(10)?
8
Suppose 351 = f - 251. Let j = -389 + f. What is the tens digit of j?
1
Let d(g) = -16*g - 114. Let j be d(-7). What is the hundreds digit of (1048/(-10))/(j/5)?
2
What is the tens digit of ((-50)/25)/(4/(-56802))?
0
Let w = -228 - -598. Let t = w - 127. Let c = t + -139. What is the hundreds digit of c?
1
Suppose -5*d = -3*d - 18. Suppose 6*n = 2*n - 136. What is the units digit of n*(d/(-6) - 1)?
5
Suppose 0*n - 4 = -2*n. Suppose 16 = 4*y, 6*b + 4*y = n*b + 4. What is the tens digit of b + 25/5 + 15?
1
Let x(q) = -q**3 - 3*q**2 + 3*q - 12. Let z be x(-5). Suppose 0 = -3*g + l + z, 12 + 5 = 2*g + l. What is the tens digit of ((-10)/6 - g/24) + 76?
7
Let d(k) = -k**3 + 16*k**2 + 5*k - 53. Let m be d(13). Suppose -3*g = -4*i + m, 657 = 3*i + 2*i - g. What is the tens digit of i?
3
Suppose -m - 5*x + 409 = -156, -3*x = -9. What is the hundreds digit of m?
5
Let l = -10 + 127. Suppose -l = j - 10*j. Suppose 12*b - j*b + 144 = 0. What is the units digit of b?
4
Suppose -2387 = -13*a + 2*a. Suppose 317 = 6*v - a. What is the units digit of v?
9
Suppose -195*s + 209*s - 538440 = 0. What is the tens digit of s?
6
Let b(h) = 7*h**2 + 34*h - 2262. What is the tens digit of b(-58)?
1
Let h(o) = 2*o**2 + 29*o + 15. Suppose 7*d + 5*f + 110 = 2*d, 3*d - 5*f + 58 = 0. What is the hundreds digit of h(d)?
2
Suppose 0 = 2*i - 6*g - 154092, 3*g + 380269 - 72166 = 4*i. What is the tens digit of i?
1
Let g = 28303 + -27411. What is the hundreds digit of g?
8
What is the hundreds digit of ((-5518)/(-3))/(46/6 - 7)?
7
Let m be 0/(-4 + 0 + 7). Suppose m = 5*h - 3*d - 155 - 351, 102 = h - d. What is the units digit of h?
0
Suppose -d - 3 = 0, y = 2*y + 2*d + 8. Let w = -2 - y. What is the units digit of ((-2)/7 - w) + (-1245)/(-21)?
9
What is the hundreds digit of ((-1)/(-2))/(45/(-630)) - (-40270 - 12)?
2
Let o(x) be the first derivative of -x**3/3 - 15*x**2 + 28*x - 17. What is the tens digit of o(-21)?
1
Let p be (1 - -2)/((0 - 4)/48). Let m = p + -14. Let q = 20 - m. What is the units digit of q?
0
Let u(x) = -2*x**2 + 32*x + 4. Let f be ((-1)/(-1) - 0)/((-1)/19). Let y be -4 - f - (0 + 2). What is the units digit of u(y)?
2
Let a(d) be the first derivative of 1/4*d**4 - 24*d - 17/3*d**3 + 19/2*d**2 + 19. What is the units digit of a(16)?
4
Let c(p) = 4*p**2 + 18*p + 19. Let x(n) = -n**2 - 6*n - 6. Let t(d) = 3*c(d) + 8*x(d). What is the tens digit of t(-11)?
2
Let f(n) be the first derivative of -n**3/3 - 11*n**2/2 - 4*n - 5. Let x be f(-8). Suppose 0*v = 2*v - x. What is the tens digit of v?
1
Let f(t) = -10 - 137*t - 150*t + 442*t - 139*t. Let a(o) = -o**3 + 4*o**2 + o + 3. Let r be a(4). What is the units digit of f(r)?
2
Let s(g) = -g**3 - 38*g**2 - 611*g + 17. What is the units digit of s(-29)?
7
Suppose -7 = 5*f - 2, 5 = -2*k + f. Let r be k*3/(-9)*-1. What